{"id":551,"date":"2024-03-27T11:39:05","date_gmt":"2024-03-27T11:39:05","guid":{"rendered":"https:\/\/sanferclean1.4vlab.org\/?post_type=product&#038;p=551"},"modified":"2024-04-16T06:42:14","modified_gmt":"2024-04-16T06:42:14","slug":"detergente-multiusos","status":"publish","type":"product","link":"https:\/\/sanferclean1.4vlab.org\/?product=detergente-multiusos","title":{"rendered":"DETERGENTE MULTIUSOS"},"content":{"rendered":"<p class=\"cvGsUA direction-ltr align-center para-style-body\"><span class=\"OYPEnA text-decoration-none text-strikethrough-none\">Concentrado en pastillas<\/span><span class=\"OYPEnA text-decoration-none text-strikethrough-none white-space-prewrap\"> <\/span><\/p>\n<p class=\"cvGsUA direction-ltr align-center para-style-body\"><span class=\"OYPEnA text-decoration-none text-strikethrough-none\">Soluci\u00f3n de limpieza efectiva y ecol\u00f3gica Formuladas con ingredientes biodegradables<\/span><span class=\"OYPEnA text-decoration-none text-strikethrough-none white-space-prewrap\"> <\/span><\/p>\n<p class=\"cvGsUA direction-ltr align-center para-style-body\"><span class=\"OYPEnA text-decoration-none text-strikethrough-none\">Libres de qu\u00edmicos t\u00f3xicos<\/span><\/p>\n","protected":false},"excerpt":{"rendered":"<p>Concentrado en pastillas Soluci\u00f3n de limpieza efectiva y ecol\u00f3gica Formuladas con ingredientes biodegradables Libres de qu\u00edmicos t\u00f3xicos<\/p>\n","protected":false},"featured_media":576,"comment_status":"open","ping_status":"closed","template":"","meta":[],"product_cat":[51],"product_tag":[],"_links":{"self":[{"href":"https:\/\/sanferclean1.4vlab.org\/index.php?rest_route=\/wp\/v2\/product\/551"}],"collection":[{"href":"https:\/\/sanferclean1.4vlab.org\/index.php?rest_route=\/wp\/v2\/product"}],"about":[{"href":"https:\/\/sanferclean1.4vlab.org\/index.php?rest_route=\/wp\/v2\/types\/product"}],"replies":[{"embeddable":true,"href":"https:\/\/sanferclean1.4vlab.org\/index.php?rest_route=%2Fwp%2Fv2%2Fcomments&post=551"}],"wp:featuredmedia":[{"embeddable":true,"href":"https:\/\/sanferclean1.4vlab.org\/index.php?rest_route=\/wp\/v2\/media\/576"}],"wp:attachment":[{"href":"https:\/\/sanferclean1.4vlab.org\/index.php?rest_route=%2Fwp%2Fv2%2Fmedia&parent=551"}],"wp:term":[{"taxonomy":"product_cat","embeddable":true,"href":"https:\/\/sanferclean1.4vlab.org\/index.php?rest_route=%2Fwp%2Fv2%2Fproduct_cat&post=551"},{"taxonomy":"product_tag","embeddable":true,"href":"https:\/\/sanferclean1.4vlab.org\/index.php?rest_route=%2Fwp%2Fv2%2Fproduct_tag&post=551"}],"curies":[{"name":"wp","href":"https:\/\/api.w.org\/{rel}","templated":true}]}}