{"id":556,"date":"2024-03-27T12:49:27","date_gmt":"2024-03-27T12:49:27","guid":{"rendered":"https:\/\/sanferclean1.4vlab.org\/?post_type=product&#038;p=556"},"modified":"2024-04-16T06:38:43","modified_gmt":"2024-04-16T06:38:43","slug":"maquina-de-limpieza-a-vapor","status":"publish","type":"product","link":"https:\/\/sanferclean1.4vlab.org\/?product=maquina-de-limpieza-a-vapor","title":{"rendered":"M\u00c1QUINA DE LIMPIEZA A VAPOR"},"content":{"rendered":"<p><span class=\"OYPEnA text-decoration-none text-strikethrough-none\">M\u00e1quina de limpieza a vapor de alta presi\u00f3n multifuncional, lavadora de coche, hogar, oficina, habitaci\u00f3n, electrodom\u00e9sticos de limpieza<\/span><\/p>\n","protected":false},"excerpt":{"rendered":"<p>M\u00e1quina de limpieza a vapor de alta presi\u00f3n multifuncional, lavadora de coche, hogar, oficina, habitaci\u00f3n, electrodom\u00e9sticos de limpieza<\/p>\n","protected":false},"featured_media":586,"comment_status":"open","ping_status":"closed","template":"","meta":[],"product_cat":[53],"product_tag":[],"_links":{"self":[{"href":"https:\/\/sanferclean1.4vlab.org\/index.php?rest_route=\/wp\/v2\/product\/556"}],"collection":[{"href":"https:\/\/sanferclean1.4vlab.org\/index.php?rest_route=\/wp\/v2\/product"}],"about":[{"href":"https:\/\/sanferclean1.4vlab.org\/index.php?rest_route=\/wp\/v2\/types\/product"}],"replies":[{"embeddable":true,"href":"https:\/\/sanferclean1.4vlab.org\/index.php?rest_route=%2Fwp%2Fv2%2Fcomments&post=556"}],"wp:featuredmedia":[{"embeddable":true,"href":"https:\/\/sanferclean1.4vlab.org\/index.php?rest_route=\/wp\/v2\/media\/586"}],"wp:attachment":[{"href":"https:\/\/sanferclean1.4vlab.org\/index.php?rest_route=%2Fwp%2Fv2%2Fmedia&parent=556"}],"wp:term":[{"taxonomy":"product_cat","embeddable":true,"href":"https:\/\/sanferclean1.4vlab.org\/index.php?rest_route=%2Fwp%2Fv2%2Fproduct_cat&post=556"},{"taxonomy":"product_tag","embeddable":true,"href":"https:\/\/sanferclean1.4vlab.org\/index.php?rest_route=%2Fwp%2Fv2%2Fproduct_tag&post=556"}],"curies":[{"name":"wp","href":"https:\/\/api.w.org\/{rel}","templated":true}]}}